when x is divided by 85?
82
Let b(f) = 5*f**2 + 22*f - 11. Let u = 18 - 9. What is the remainder when b(-9) is divided by u?
7
Let j = 163 + -9. Calculate the remainder when j is divided by 43 - (-10 + -9 + 31).
30
Let h(g) = -18*g - 18. Let s be 86/(-6) - (-32)/96. What is the remainder when h(s) is divided by 48?
42
Let h = -167 + 178. Suppose h + 18 = g. Calculate the remainder when 84 is divided by g.
26
Let j be 1*15/6*2. Let w(h) = h**3 - 6*h**2 - 4*h. Let m be w(j). Let g = m + 81. What is the remainder when g is divided by 13?
10
Let j = 16 - 217. What is the remainder when 3*(0 - j/9) + 1 is divided by 19?
11
Let q = -346 + 346. Suppose -29*k + 15*k + 798 = q. Calculate the remainder when k is divided by 10.
7
Suppose -69*y - 2311 = -5347. Let f = -15 - -53. Calculate the remainder when y is divided by f.
6
Let z = 22 - -21. Suppose 2*k = -5*f + 105, 36*k - 35*k - 42 = -6*f. Calculate the remainder when k is divided by z.
17
Let t = 3392 + -2242. What is the remainder when t is divided by 21?
16
Calculate the remainder when 193/1 - (-147)/14*(-22)/33 is divided by 2/(-4) - 70/(-4).
16
What is the remainder when (-13 - -4)*1 + 2032 is divided by 46?
45
Suppose -3*q + 422 = -316. What is the remainder when q is divided by 8?
6
Suppose 7 - 19 = -3*v. Suppose 5*s + 9 = 4*n + 46, 3*s = -v*n + 35. Let w(a) = a**3 - 42*a**2 + 48*a - 262. What is the remainder when w(41) is divided by s?
7
Suppose -3*d + x + 959 = -2105, 3*x + 3 = 0. Suppose 15 + d = 7*j. Calculate the remainder when j is divided by 30.
28
Let h(q) be the second derivative of -q**5/20 + q**4/2 - 7*q**3/6 + 7*q**2/2 + 240*q. What is the remainder when 39 is divided by h(3)?
0
Suppose -3*g = 2*z - 132 - 50, 3*z - g = 251. Suppose -z = 4*n - 301. Calculate the remainder when n is divided by (-9)/(-21) - (-134)/14.
4
Let q = 3101 + -3057. Calculate the remainder when 123 is divided by q.
35
Let p = -33 + 1269. Calculate the remainder when p is divided by 104.
92
Let m(o) = -692*o**3 + 24*o**2 + 4*o + 2. Calculate the remainder when m(-1) is divided by 79.
3
Let k(w) = 817*w - 31009. Let u(q) = q**3 + 8*q**2 - 3*q - 11. Calculate the remainder when k(38) is divided by u(-8).
11
Let g = -1073 + 1130. What is the remainder when 785 is divided by g?
44
Let z be 284/6 + 4/6. Suppose 4 = p - 3*m - 4, -6 = 3*p + m. What is the remainder when p/(z/52 - 1) is divided by 9?
4
Let q(i) = -20 - 6*i**2 + 21*i - 39 + 5*i**2. Calculate the remainder when 73 is divided by q(16).
10
Let r = 328 - -2500. Calculate the remainder when r is divided by 8.
4
What is the remainder when ((-226)/4 + -5 - 1)*276/(-15) is divided by 34?
28
Suppose 10*w - 385 = -55. What is the remainder when 324 is divided by w?
27
Suppose 4*a = 5*g - 22, g - 4*a - 21 = -7. Suppose 158 = 3*u + g*t, -u - t - 2*t + 48 = 0. What is the remainder when 322 is divided by u?
52
Let f(r) = r**2 + 4*r + 17. What is the remainder when 1*((-8 - -130) + -9) is divided by f(-7)?
37
Suppose -109*q + 110*q - 18 = 0. Suppose -461 + 11 = -q*t. Calculate the remainder when 120 is divided by t.
20
Let m = 269 + -219. Calculate the remainder when (6 - 2 - 3)*(m + 2) is divided by 17.
1
Suppose q + 23 = 34. Suppose 0 = 39*k - q*k - 1484. What is the remainder when k is divided by 9?
8
Let s = -606 - -624. Suppose 14*r + 212 = s*r. Let x(n) = -4*n - 5. Calculate the remainder when r is divided by x(-6).
15
Let i(y) be the first derivative of 3*y**4/4 - y**3/3 - y**2/2 + 4*y + 35. Calculate the remainder when 80 is divided by i(2).
14
Suppose 402*r - 2*z = 400*r + 2326, 4*z = -r + 1133. Calculate the remainder when r is divided by 571.
15
Let q = -102 + 110. Suppose 3*k + 33 = -q*k. Calculate the remainder when k + 21*4*(-4)/(-16) is divided by 6.
0
Let t = 4647 - 3241. Calculate the remainder when t is divided by 702.
2
Let k(j) = -j**2 + 6*j - 7. Let r = -30 + 33. Let d be k(r). What is the remainder when 31 is divided by (3 - (-11)/d)*2?
14
Suppose 3*t - 288 = -3*f - 87, -3*f + 71 = t. Let b be t/(-3) + 13/(-39). Let d = b + 27. Calculate the remainder when 11 is divided by d.
1
Let z(t) = -7*t - 59. Let a be (2 - -1) + 85/(-5). Calculate the remainder when z(a) is divided by 21.
18
Suppose -309*k + 320*k - 1287 = 0. What is the remainder when k is divided by 21?
12
Let u = 61 + -29. Suppose -u*f = -815 - 497. Calculate the remainder when 52 is divided by f.
11
Let t = -1422 + 1866. Calculate the remainder when t is divided by 7.
3
Suppose -219 = -s - 201. Suppose -5*v - 1963 = -s*v. What is the remainder when v is divided by 19?
18
Let j = 1687 - 1677. Suppose -144 = -2*t + 10. What is the remainder when t is divided by j?
7
Let w(u) = u**2 + 5*u - 1. Suppose 0 = 5*g - 2*l - 7, 5*g + 33*l = 34*l + 16. Calculate the remainder when w(-6) is divided by g.
0
Suppose -5*s = w - 419 - 655, -3*s + 3*w + 648 = 0. Calculate the remainder when s is divided by 74.
67
Suppose -2*y - 3220 = -3*q, -q + 0*q + y + 1075 = 0. What is the remainder when q is divided by 44?
14
Suppose 23*y - 76 = -15*y. Suppose 3*l - 45 = -y*x, -5*x = -l + 45 - 13. What is the remainder when 407 is divided by l?
16
Let w = 402 - 366. Suppose -2*n = h - 21, -3*n + 6*h - 3*h = -w. Let r = 128 - 63. Calculate the remainder when r is divided by n.
10
Suppose -5*q + q + 24 = 0. Calculate the remainder when (5/14*21600/(-1000))/(2/(-7)) is divided by q.
3
Let x(i) = i**3 - 28*i**2 + 84*i - 773. Calculate the remainder when 251 is divided by x(26).
15
Let p(t) = t**2 + 26*t - 347. Calculate the remainder when 356 is divided by p(10).
5
Let r(c) = c**2 + 47*c - 549. What is the remainder when r(11) is divided by 22?
1
Let b = 231 - 124. Let q be (-1 + 66/24)*-4 + 106. Suppose q*g = 86*g + 117. What is the remainder when b is divided by g?
8
Let s be -3*(-94)/((3 - -1) + -2). Suppose 0 = -2*i + 3*f + s, -2*f + 74 - 336 = -4*i. What is the remainder when i is divided by 42?
21
Suppose 3*j = -4*r + 7 - 24, -2*r - 5 = 5*j. What is the remainder when 216 is divided by (-22)/2*((-18)/6 - j)?
40
Let f = -1 + 11. Let d be -205*((-42)/f - -4). Suppose -a + 9 = -d. What is the remainder when a is divided by 13?
11
Let h = -21909 - -22087. Calculate the remainder when 1028 is divided by h.
138
Suppose 3*t = 5*t - 12. Let j be ((14 - 3) + -2)*-3. Let u = j - -53. Calculate the remainder when u is divided by t.
2
Suppose 3*r = -15, 546 + 123 = 3*l + 3*r. Let w = l + -134. What is the remainder when w is divided by 14?
10
Calculate the remainder when 358 is divided by 43 - ((8 - -4) + -14).
43
Let j(h) = 10*h**2 - 3*h + 2. Let x be j(2). Suppose 0 = -4*r + x - 4. Suppose 2*i = 0, 5*y - i - 95 = -0*i. Calculate the remainder when y is divided by r.
3
Let g(q) = 22*q + 616. What is the remainder when 792 is divided by g(-22)?
0
Suppose n = -453*w + 458*w - 1415, 0 = -4*w + 4*n + 1132. Calculate the remainder when w is divided by 40.
3
What is the remainder when (-18897)/(-18) + -25*7/210 is divided by 23?
14
Let d = 96 - 96. Let n = d + 4. Suppose -n*v + 194 - 22 = 0. Calculate the remainder when 168 is divided by v.
39
Suppose 4*o = -0*o - 2*j + 40, -j - 30 = -3*o. Suppose 2*f = -9*f - 32*f + 7955. What is the remainder when f is divided by o?
5
Let q = -15898 + 15947. Calculate the remainder when 1859 is divided by q.
46
Let p be 2/(-7) - 130/(-14). Suppose 0 = -30*k + 33*k - p. Suppose -j - k*y = -44, 0*j + y = -j + 34. Calculate the remainder when 57 is divided by j.
28
Let v be (36/(-15))/((-2)/(-15)). Let i(k) be the second derivative of -13*k**3/6 - 31*k**2 + 7*k. Calculate the remainder when i(v) is divided by 44.
40
Suppose -896 - 2014 = -247*s - 687. Calculate the remainder when 4060 is divided by s.
1
Let c(m) = -49*m - 12. Let k be c(6). Calculate the remainder when 4/(-6) - 357/(-9) is divided by (-1800)/k - (-6)/51.
3
Let k(b) = -2*b + 22. Let n be k(-9). Suppose m - 5*m = 4*v - n, 5*v = -m + 50. Suppose v*j + 1200 = 25*j. Calculate the remainder when j is divided by 9.
8
Let j = 2326 + -2326. Let g = 6 + 6. Calculate the remainder when g is divided by ((-3)/1 + j)*1035/(-621).
2
Let v(h) = 137*h - 8677. What is the remainder when 821 is divided by v(64)?
2
Suppose 12*q - 22*q + 20 = 0. Let f(a) = 70*a + 39. What is the remainder when f(q) is divided by 26?
23
Let z = 229 - 226. What